{"id":46,"date":"2015-06-02T15:10:29","date_gmt":"2015-06-02T15:10:29","guid":{"rendered":"http:\/\/www.ict.com.co\/ict\/?page_id=46"},"modified":"2026-04-24T23:17:29","modified_gmt":"2026-04-24T23:17:29","slug":"entrenamiento","status":"publish","type":"page","link":"https:\/\/www.ict.com.co\/ict\/entrenamiento\/","title":{"rendered":"Entrenamiento"},"content":{"rendered":"<p>[et_pb_section fb_built=\u00bb1&#8243; fullwidth=\u00bbon\u00bb _builder_version=\u00bb3.0.47&#8243;][et_pb_fullwidth_image src=\u00bbhttps:\/\/www.ict.com.co\/ict\/wp-content\/uploads\/2021\/09\/ENTRENA.jpg\u00bb _builder_version=\u00bb3.0.89&#8243;][\/et_pb_fullwidth_image][\/et_pb_section][et_pb_section fb_built=\u00bb1&#8243; background_color=\u00bb#ffffff\u00bb _builder_version=\u00bb3.0.47&#8243; custom_padding=\u00bb54px|0px|0px|0px\u00bb][et_pb_row custom_padding=\u00bb27px|0px|0px|0px\u00bb _builder_version=\u00bb3.0.47&#8243; background_size=\u00bbinitial\u00bb background_position=\u00bbtop_left\u00bb background_repeat=\u00bbrepeat\u00bb][et_pb_column type=\u00bb1_2&#8243; _builder_version=\u00bb3.0.47&#8243; parallax=\u00bboff\u00bb parallax_method=\u00bbon\u00bb][et_pb_image src=\u00bbhttp:\/\/www.ict.com.co\/ict\/wp-content\/uploads\/2015\/06\/f6.jpg\u00bb show_bottom_space=\u00bboff\u00bb admin_label=\u00bbImage\u00bb _builder_version=\u00bb3.0.89&#8243; border_radii=\u00bbon|20px|20px|20px|20px\u00bb box_shadow_style=\u00bbpreset2&#8243; animation=\u00bboff\u00bb sticky=\u00bboff\u00bb][\/et_pb_image][et_pb_image src=\u00bbhttp:\/\/www.ict.com.co\/ict\/wp-content\/uploads\/2016\/02\/flayer-curso-L\u00edder-ISO-39001.png\u00bb admin_label=\u00bbImage\u00bb _builder_version=\u00bb3.0.47&#8243; animation_style=\u00bbslide\u00bb animation_direction=\u00bbleft\u00bb animation_duration=\u00bb500ms\u00bb animation_intensity_slide=\u00bb10%\u00bb animation=\u00bbleft\u00bb sticky=\u00bboff\u00bb][\/et_pb_image][et_pb_text admin_label=\u00bbText\u00bb _builder_version=\u00bb3.0.89&#8243; background_size=\u00bbinitial\u00bb background_position=\u00bbtop_left\u00bb background_repeat=\u00bbrepeat\u00bb module_alignment=\u00bbleft\u00bb]<\/p>\n<h2 data-section-id=\"van8q9\" data-start=\"0\" data-end=\"79\">Formaci\u00f3n que transforma competencias y genera confianza<\/h2>\n<p data-start=\"81\" data-end=\"382\">En <strong data-start=\"84\" data-end=\"133\">IC&amp;T <\/strong>desarrollamos programas de entrenamiento especializados para profesionales y organizaciones que buscan fortalecer sus competencias en <strong data-start=\"269\" data-end=\"316\">auditor\u00eda, compliance y sistemas de gesti\u00f3n<\/strong>, con un enfoque pr\u00e1ctico, actualizado y orientado a resultados.<\/p>\n<p data-start=\"384\" data-end=\"721\">Contamos con m\u00e1s de <strong data-start=\"404\" data-end=\"430\">25 a\u00f1os de experiencia<\/strong> formando talento humano para afrontar los retos de la calidad, la sostenibilidad, la seguridad, la gesti\u00f3n de riesgos y el cumplimiento normativo. Nuestros programas combinan experiencia real de auditores, metodolog\u00eda aplicada y acompa\u00f1amiento experto.<\/p>\n<p><strong>\u00bfPor qu\u00e9 formarse con IC&amp;T?<\/strong><\/p>\n<p data-start=\"384\" data-end=\"721\">M\u00e1s de 25 a\u00f1os de trayectoria en certificaci\u00f3n y formaci\u00f3n<br \/> Docentes y auditores con amplia y reconocida experiencia real en empresas de diversos sectores<br \/> Modalidades presencial, virtual y corporativa<br \/> Metodolog\u00eda pr\u00e1ctica basada en casos reales<br \/> Certificados de formaci\u00f3n con alto reconocimiento empresarial<br \/> Programas abiertos y entrenamientos <em>in company<\/em><\/p>\n<p>[\/et_pb_text][et_pb_image show_bottom_space=\u00bboff\u00bb admin_label=\u00bbImage\u00bb _builder_version=\u00bb3.0.89&#8243; animation_style=\u00bbslide\u00bb animation_direction=\u00bbleft\u00bb animation_duration=\u00bb500ms\u00bb animation_intensity_slide=\u00bb10%\u00bb animation=\u00bbleft\u00bb sticky=\u00bboff\u00bb][\/et_pb_image][\/et_pb_column][et_pb_column type=\u00bb1_2&#8243; _builder_version=\u00bb3.0.47&#8243; parallax=\u00bboff\u00bb parallax_method=\u00bbon\u00bb][et_pb_text admin_label=\u00bbText\u00bb _builder_version=\u00bb3.0.89&#8243; background_size=\u00bbinitial\u00bb background_position=\u00bbtop_left\u00bb background_repeat=\u00bbrepeat\u00bb]<\/p>\n<p><strong>Formaci\u00f3n Especializada y personalizada para Auditores Internos y L\u00edderes<\/strong><\/p>\n<p>Preparamos profesionales capaces de planificar, ejecutar y liderar auditor\u00edas internas y de certificaci\u00f3n conforme a est\u00e1ndares internacionales como:<\/p>\n<p><strong>ISO 9001 \u2013 Gesti\u00f3n de la Calidad:\u00a0<\/strong>Formaci\u00f3n de auditores internos y l\u00edderes para evaluar procesos, mejorar la satisfacci\u00f3n del cliente, gestionar riesgos y fortalecer la mejora continua.<\/p>\n<p><strong>ISO 14001 \u2013 Gesti\u00f3n Ambiental:\u00a0<\/strong>Entrenamiento para auditar aspectos e impactos ambientales, cumplimiento legal, sostenibilidad y desempe\u00f1o ambiental empresarial.<\/p>\n<p><strong>ISO\/IEC 27001 \u2013 Seguridad de la Informaci\u00f3n:\u00a0<\/strong>Programas enfocados en auditor\u00eda de controles, gesti\u00f3n de riesgos de ciberseguridad, confidencialidad, integridad y disponibilidad de la informaci\u00f3n.<\/p>\n<p><strong>ISO 45001 \u2013 Seguridad y Salud en el Trabajo:\u00a0<\/strong>Capacitaci\u00f3n para liderar auditor\u00edas en prevenci\u00f3n de accidentes, peligros laborales, controles operacionales y cultura de seguridad.<\/p>\n<p><strong>NTC 5555 \u2013 Calidad para Instituciones de Formaci\u00f3n para el Trabajo (IFTDH):\u00a0<\/strong>Formaci\u00f3n especializada para auditar instituciones educativas, programas acad\u00e9micos, requisitos regulatorios y mejora institucional.<\/p>\n<p><strong>Formaci\u00f3n de Oficiales de Cumplimiento y Compliance<\/strong><\/p>\n<p><strong>LAFT:\u00a0<\/strong>Prevenci\u00f3n del Lavado de Activos y la Financiaci\u00f3n del Terrorismo mediante metodolog\u00edas basadas en riesgo, debida diligencia y monitoreo.<\/p>\n<p><strong>PTEE:\u00a0<\/strong>Programas de Transparencia y \u00c9tica Empresarial orientados a la prevenci\u00f3n del soborno, corrupci\u00f3n y conflictos de inter\u00e9s.<\/p>\n<p><strong>PTEP:\u00a0<\/strong>Buscan fortalecer la transparencia, la integridad p\u00fablica, la lucha contra la corrupci\u00f3n, la participaci\u00f3n ciudadana, la rendici\u00f3n de cuentas, el acceso a la informaci\u00f3n p\u00fablica y la gesti\u00f3n de riesgos de corrupci\u00f3n.<\/p>\n<p><strong>Programas dirigido a:<\/strong><\/p>\n<p>Coordinadores de calidad, HSEQ y compliance \/\u00a0Auditores internos en formaci\u00f3n \/\u00a0Consultores independientes \/\u00a0L\u00edderes de procesos \/\u00a0Oficiales de cumplimiento \/\u00a0Directivos y empresarios \/Instituciones educativas y centros de formaci\u00f3n.<\/p>\n<p>&nbsp;<\/p>\n<p>[\/et_pb_text][\/et_pb_column][\/et_pb_row][et_pb_row _builder_version=\u00bb3.0.89&#8243;][et_pb_column type=\u00bb4_4&#8243; _builder_version=\u00bb3.0.47&#8243; parallax=\u00bboff\u00bb parallax_method=\u00bbon\u00bb][et_pb_divider _builder_version=\u00bb3.0.89&#8243;][\/et_pb_divider][\/et_pb_column][\/et_pb_row][\/et_pb_section]<\/p>\n","protected":false},"excerpt":{"rendered":"<p>[et_pb_section fb_built=\u00bb1&#8243; fullwidth=\u00bbon\u00bb _builder_version=\u00bb3.0.47&#8243;][et_pb_fullwidth_image src=\u00bbhttps:\/\/www.ict.com.co\/ict\/wp-content\/uploads\/2021\/09\/ENTRENA.jpg\u00bb _builder_version=\u00bb3.0.89&#8243;][\/et_pb_fullwidth_image][\/et_pb_section][et_pb_section fb_built=\u00bb1&#8243; background_color=\u00bb#ffffff\u00bb _builder_version=\u00bb3.0.47&#8243; custom_padding=\u00bb54px|0px|0px|0px\u00bb][et_pb_row custom_padding=\u00bb27px|0px|0px|0px\u00bb _builder_version=\u00bb3.0.47&#8243; background_size=\u00bbinitial\u00bb background_position=\u00bbtop_left\u00bb background_repeat=\u00bbrepeat\u00bb][et_pb_column type=\u00bb1_2&#8243; _builder_version=\u00bb3.0.47&#8243; parallax=\u00bboff\u00bb parallax_method=\u00bbon\u00bb][et_pb_image src=\u00bbhttp:\/\/www.ict.com.co\/ict\/wp-content\/uploads\/2015\/06\/f6.jpg\u00bb show_bottom_space=\u00bboff\u00bb admin_label=\u00bbImage\u00bb _builder_version=\u00bb3.0.89&#8243; border_radii=\u00bbon|20px|20px|20px|20px\u00bb box_shadow_style=\u00bbpreset2&#8243; animation=\u00bboff\u00bb sticky=\u00bboff\u00bb][\/et_pb_image][et_pb_image src=\u00bbhttp:\/\/www.ict.com.co\/ict\/wp-content\/uploads\/2016\/02\/flayer-curso-L\u00edder-ISO-39001.png\u00bb admin_label=\u00bbImage\u00bb _builder_version=\u00bb3.0.47&#8243; animation_style=\u00bbslide\u00bb animation_direction=\u00bbleft\u00bb animation_duration=\u00bb500ms\u00bb animation_intensity_slide=\u00bb10%\u00bb animation=\u00bbleft\u00bb sticky=\u00bboff\u00bb][\/et_pb_image][et_pb_text admin_label=\u00bbText\u00bb _builder_version=\u00bb3.0.89&#8243; background_size=\u00bbinitial\u00bb background_position=\u00bbtop_left\u00bb background_repeat=\u00bbrepeat\u00bb module_alignment=\u00bbleft\u00bb] Formaci\u00f3n que transforma competencias y genera confianza En IC&amp;T desarrollamos programas de entrenamiento [&hellip;]<\/p>\n","protected":false},"author":1,"featured_media":0,"parent":0,"menu_order":0,"comment_status":"open","ping_status":"open","template":"","meta":{"_joinchat":[],"footnotes":""},"class_list":["post-46","page","type-page","status-publish","hentry"],"_links":{"self":[{"href":"https:\/\/www.ict.com.co\/ict\/wp-json\/wp\/v2\/pages\/46","targetHints":{"allow":["GET"]}}],"collection":[{"href":"https:\/\/www.ict.com.co\/ict\/wp-json\/wp\/v2\/pages"}],"about":[{"href":"https:\/\/www.ict.com.co\/ict\/wp-json\/wp\/v2\/types\/page"}],"author":[{"embeddable":true,"href":"https:\/\/www.ict.com.co\/ict\/wp-json\/wp\/v2\/users\/1"}],"replies":[{"embeddable":true,"href":"https:\/\/www.ict.com.co\/ict\/wp-json\/wp\/v2\/comments?post=46"}],"version-history":[{"count":83,"href":"https:\/\/www.ict.com.co\/ict\/wp-json\/wp\/v2\/pages\/46\/revisions"}],"predecessor-version":[{"id":1401,"href":"https:\/\/www.ict.com.co\/ict\/wp-json\/wp\/v2\/pages\/46\/revisions\/1401"}],"wp:attachment":[{"href":"https:\/\/www.ict.com.co\/ict\/wp-json\/wp\/v2\/media?parent=46"}],"curies":[{"name":"wp","href":"https:\/\/api.w.org\/{rel}","templated":true}]}}